igit of (-4)/z - (-40)/6?
6
Let z(u) = -u**3 - 5*u**2 - 4*u - 6. Let l be z(-4). Let b be ((-4)/(-3))/((-2)/l). Let w = 9 - b. What is the units digit of w?
5
Suppose -2*a = 6, -2*a = -3*c - 5*a + 255. What is the tens digit of c?
8
Let h be 0*(-1)/(-2)*-1. Suppose -4*y = f - 0*f, 2*f + 7 = -y. Let r = y + h. What is the units digit of r?
1
Let s(c) = -1 + c - 3 + 3. Let d(h) = h**2 + 6*h - 5. Let v be d(-8). What is the tens digit of s(v)?
1
Let s = 110 - 63. What is the units digit of s?
7
Suppose 2*l - r = -10, 0*l = l + 2*r - 5. Let z = 14 - l. What is the units digit of z?
7
Let p = -89 + 138. What is the tens digit of p?
4
Let z(b) = -2*b + 2. Let d be z(-2). What is the tens digit of (-118)/(-6) + 2/d?
2
Let x(q) = -q**3 + 15*q**2 - 25*q + 16. What is the units digit of x(13)?
9
Suppose -2074 = -13*r + 84. What is the hundreds digit of r?
1
Let t = -41 + 23. Let n = -4 - t. What is the tens digit of n?
1
Suppose -4*m = 2*j + m - 11, 0 = j + 5*m - 8. Suppose 67 = -5*w - 3*x, 4*w - j*x = -x - 58. Let c = -8 - w. What is the units digit of c?
6
Suppose -1 + 11 = 5*g. Let r be ((-14)/(-8))/(g/8). Let i(m) = m - 4. What is the units digit of i(r)?
3
Let g = 130 + -90. What is the units digit of g?
0
Let i = 2 + -1. Let n = 3 + i. What is the units digit of (1 + -2)/((-2)/n)?
2
Suppose 0*s + s - 2 = 0. Let v be -1*(6/21 + 2/(-7)). Suppose s*m = -v*m + 24. What is the tens digit of m?
1
Let u(v) = -2 - 158*v + 19 + 159*v. What is the units digit of u(12)?
9
Suppose -160 = -3*f - 16. Suppose -5*s + s = -f. Suppose -3*d + s = d. What is the units digit of d?
3
Let n be 0/(3 - 4/1). Suppose 0 = -n*s + 4*s. Suppose s = 5*o - 5*g - 80, 3*g - 10 = 2. What is the units digit of o?
0
Let f be 2/(-3) - 4/12. Let y be 1/2*(f - -7). Suppose -4*d + 7*q + 44 = y*q, -35 = -5*d - 5*q. What is the units digit of d?
9
Let i = 12 + -8. Let r be (-3)/2 - 12/(-8). Suppose i*v - 72 = -r*v. What is the units digit of v?
8
Suppose 0 = 4*m - 3*m - 8. Suppose -4*d + 6*d = m. What is the units digit of d?
4
Let v(o) = -o**2 - 6*o - 2. Let j be v(-5). Suppose j = 2*z - 1. Suppose 5*h = z*h + 57. What is the tens digit of h?
1
Let b be (-15)/2*(-32)/12. Suppose i = -4*j + b, -5 = -j - 3*i + 4*i. What is the units digit of j?
5
Let k be 13/3 - (-18)/(-54). Suppose 2*c = -10*y + 5*y + 227, -3*c = -k*y + 200. What is the units digit of y?
7
Let l = 85 + 62. What is the hundreds digit of l?
1
Let b be 0/(1/(1 - 2)). Suppose -2*y + 19 = v, b = -y + 3*y - 4*v - 34. What is the units digit of y?
1
What is the tens digit of (28/(-42))/((8/1182)/(-2))?
9
Suppose -5*h = -5*z + z - 43, -5*z + 18 = 4*h. Let q = h - 7. Suppose -u - u + 10 = q. What is the units digit of u?
5
Let b(r) = 37*r + 31. What is the units digit of b(4)?
9
Let j be (-16)/(-3) - (-2)/3. Let i be 0/(j/2) - 21. Let y = 34 + i. What is the tens digit of y?
1
Let a be (73/4)/((-7)/28). Let y = a - -110. What is the tens digit of y?
3
Let g be (-4)/3*3/2. Let x(s) = 11*s**2 - 3*s - 3. Let z be x(g). Suppose -2*w - 4*p - p = -z, 3 = p. What is the tens digit of w?
1
Let s = 32 - 33. Let m(a) = -4*a**2 + 7*a + 1. Let f(q) = -5*q**2 + 6*q + 1. Let v(r) = -5*f(r) + 4*m(r). What is the tens digit of v(s)?
1
Let o be ((-16)/(-5))/(3/30). Let k be (6/4)/(1/32). Let r = k - o. What is the tens digit of r?
1
Suppose -3*x + 140 = 2*i - 14, 5*i = 25. What is the tens digit of x?
4
Suppose k - 15 = -5*m, 5*k - 3*k = -m + 12. Suppose -i = 3*w + k, -4*w - 2 = -2*i + i. What is the units digit of (w/2)/(1/(-16))?
8
Suppose 0*h = 3*h - 6. Let s be ((-5)/(-10))/(h/28). Let l = s - 1. What is the units digit of l?
6
Suppose 4*v - 2*g + 2 + 0 = 0, 5*v - 15 = -g. Suppose 51 = v*w + w. What is the units digit of w?
7
Suppose f = -4*s + s, 2*s + 55 = 3*f. Suppose -f = -3*n + 9. What is the units digit of n - (1 - (2 - 3))?
6
Let x be (-3)/(3 - (-6)/(-4)). What is the tens digit of ((-4)/(-10) - x)*5?
1
Suppose -4*h - 3*x = -0*x + 13, -4*h - 14 = 2*x. Let n(r) = r**2 - r - 5. Let y be n(h). What is the units digit of y/(-1)*4/(-10)?
6
Let w(g) = -g**3 - 11*g**2 - 10*g + 4. Let d be w(-10). Let r be 2 + (-1 - -1) + d. Let f = -2 + r. What is the units digit of f?
4
Let l = 28 - 5. What is the units digit of l?
3
Suppose 2*i = 3*q + 3 - 1, -4*q - i + 12 = 0. Suppose 0 = -5*m + q*p + 119, 5*p = -4*m + 37 + 78. What is the units digit of m?
5
Suppose -4*s = -3*s - 2. What is the units digit of s?
2
Let n = 30 + -65. Let x = 1 + n. What is the tens digit of -5*(1 + x/10)?
1
Let l(c) = c**2 - 7*c + 10. Let f be l(5). Suppose -3*k - 2*k = f, -2*v = k - 32. What is the tens digit of v?
1
Let s(i) = 3*i - 48. Let k be s(0). Let y = -21 + -12. Let r = y - k. What is the tens digit of r?
1
Let s = 12 - 7. Suppose -s*g - 75 - 55 = 0. Let j = -17 - g. What is the units digit of j?
9
Suppose -w = -6*w + 15, -5*h = -5*w - 5. Suppose h*z + 2*j + 18 = 0, 0 = 5*z + 5*j + 25 - 0. Let f = 16 + z. What is the units digit of f?
2
Suppose 4*h = -8 - 148. Let d = 57 + h. Suppose d = -0*g + 3*g. What is the units digit of g?
6
Let z = -13 + 21. Suppose -3*a + 7 = -k, 2*a - 4*k = -0*a + z. What is the units digit of 1*6 - (-1 + a)?
5
Suppose 2*g = g. Suppose g*s = 3*s - 9. What is the units digit of s?
3
Suppose -3*h + 69 = -0*h. What is the units digit of h?
3
Let c = -18 - -30. Suppose -s - 5*a + 15 = -c, 2*a - 14 = -2*s. What is the units digit of 2 + 0/(-2) + s?
4
Let g(i) = -15*i**3 - 12*i**2 - 8*i + 1. Let c(t) = 7*t**3 + 6*t**2 + 4*t - 1. Let p(q) = -13*c(q) - 6*g(q). What is the units digit of p(-5)?
2
What is the units digit of (-3)/12 + (-404)/(-16)?
5
Let t(f) = -7*f - 17. Let o(v) = -3*v - v - 7 - 2. Let g(r) = 5*o(r) - 3*t(r). What is the units digit of g(0)?
6
Let w(k) = 6*k**3 + 3*k**2 - k - 6. Let j be w(3). Suppose -9*d + 6*d + j = 0. What is the units digit of d?
0
Let c(z) = -3*z**3 - 9*z**2 + 1. Let m(n) = n**3 + 4*n**2 - 1. Let d(x) = -2*c(x) - 5*m(x). Let u = 4 + -1. What is the units digit of d(u)?
2
Suppose -31 = -x + 5. What is the units digit of x?
6
Let t be (-194)/(-6) + (-40)/30. Suppose 4*h = t + 41. What is the tens digit of h?
1
Let r = 3 - -2. What is the units digit of r?
5
Let d be 1/2 - (-15)/6. Suppose 4*u + 3*q = 28, -4*q = -4*u - q + 52. Suppose m + u = 4*n - n, 5 = -d*n + 4*m. What is the units digit of n?
5
Let s(y) = -6*y**2 - 3*y - 3. Let g(w) = -5*w**2 - 3*w - 3. Let m(k) = 7*g(k) - 6*s(k). Let t be m(3). What is the units digit of (2 - 0) + (-1 - t)?
4
Suppose u - 1 - 2 = 0. Suppose -4*p + 0*p - 6 = 2*d, u*d + 30 = p. What is the units digit of (7/(-3))/(3/d)?
7
Suppose -4*p - p + 300 = 5*g, -g + 4*p = -70. What is the units digit of g?
2
Let v(m) = -m**2 - 4*m - 1. Let t be v(-3). Suppose -c = -0*r + 4*r - 62, t*c = -4*r + 64. What is the tens digit of r?
1
Let g(o) = -o**3 - 3*o**2 + 4*o + 3. Let z be g(-4). Let b = -59 - -111. Suppose -i - z*i = -b. What is the units digit of i?
3
Suppose -5*t + 888 = 7*t. What is the tens digit of t?
7
Let x = -156 - -278. What is the units digit of x?
2
Let f(i) = 84*i + 2. What is the tens digit of f(1)?
8
Let w(m) = 26*m**2 - m - 1. What is the units digit of w(2)?
1
Let a(i) = -i**2 - 9*i - 5. What is the tens digit of a(-4)?
1
Let r be (-2)/(-1) - (1 + -1). Let h(m) = -2*m**2 + 4*m - 3. Let a be h(r). What is the units digit of 2/a + (-10)/(-6)?
1
Let k = 11 - 7. Suppose t - k*t + 48 = 0. What is the tens digit of t?
1
Suppose 2*y + 82 = 5*y - 2*w, -79 = -3*y + 5*w. What is the units digit of (-15)/(-6)*y/5?
4
What is the tens digit of 6*2/(-3) - -75?
7
Suppose -2*a - 39 = -3*z, -a = -4*a + 2*z - 71. Let p = a - -47. What is the tens digit of p?
2
Let j(t) = -t**2 + 4*t + 4. Let d be j(4). Suppose 8 = 3*v + 2*o, 2*v + o - d = v. Suppose g = -v*g + 4. What is the units digit of g?
4
Let c(z) = 2*z**3 - 6*z**2 - 7*z + 3. Let u be c(5). Suppose 5*h - u = -23. What is the units digit of h?
9
Suppose -t + 6*t + 70 = 0. What is the units digit of ((-12)/14)/(3/t)?
4
Suppose 2*s - 5 - 1 = 0. Suppose s*m - 171 = -f, -2*m - 74 + 188 = 4*f. Suppose -4*i - 5*d + m = 11, 2*d = 4. What is the units digit of i?
9
Let r(a) = -a**3 + a**2 + 5. Let b be r(0). Suppose 3*n + 30 = 2*z, 5*n = b - 25. Suppose z + 7 = 4*o. What is the units digit of o?
4
Let q be 1*(1 + -1)*-1. Suppose 5*v - 17